1237524097 a prime number?
True
Is 18874854631 prime?
False
Is 25980377 prime?
False
Is 7576355503 a composite number?
True
Is 362338247 a prime number?
True
Is 626925401 a prime number?
False
Is 11841660851 composite?
False
Is 913923509 composite?
True
Is 197734260133 composite?
False
Is 4982230047 prime?
False
Is 535335131 a prime number?
False
Is 405631459 a prime number?
True
Is 12963275147 composite?
False
Is 54519779233 prime?
False
Is 8497725479 a composite number?
True
Is 655297733 a prime number?
False
Is 7271851429 prime?
False
Is 14032137343 prime?
False
Is 429902651 a prime number?
True
Is 29011021 a prime number?
False
Is 171758017339 composite?
False
Is 3957966449 prime?
True
Is 563706251 composite?
True
Is 12113664683 a composite number?
True
Is 561851567 a composite number?
True
Is 1602449423 prime?
True
Is 2856690743 a composite number?
False
Is 3019336413 a prime number?
False
Is 24865814 a prime number?
False
Is 1811048269 composite?
True
Is 2732503777 a composite number?
True
Is 674493359 composite?
False
Is 206909942 a composite number?
True
Is 3185974787 composite?
False
Is 111883127963 composite?
True
Is 7978178839 prime?
False
Is 3028451663 a composite number?
False
Is 18394453009 a composite number?
False
Is 60133668697 a prime number?
True
Is 2207337257 a prime number?
True
Is 2502958849 prime?
True
Is 3620030431 a composite number?
False
Is 3590760911 prime?
True
Is 202384307 prime?
False
Is 324041581 a composite number?
False
Is 278613313 composite?
True
Is 16798173589 composite?
False
Is 16376845831 composite?
False
Is 638682449 a composite number?
True
Is 9430053617 prime?
False
Is 3358148197 a composite number?
False
Is 438446999 a prime number?
False
Is 2863503173 composite?
False
Is 3407263159 composite?
True
Is 65849123 composite?
False
Is 1204185419 a prime number?
False
Is 3424804613 a prime number?
True
Is 94459054351 prime?
True
Is 5608615277 prime?
True
Is 69615277 a prime number?
False
Is 2760402271 a composite number?
True
Is 3155293549 prime?
True
Is 5416347653 a prime number?
True
Is 17321485667 a prime number?
False
Is 37853138971 a composite number?
False
Is 184387784041 composite?
True
Is 80805581 composite?
False
Is 122658751 a prime number?
False
Is 1960564154 a prime number?
False
Is 2610450649 a composite number?
False
Is 2520774647 a prime number?
False
Is 1700493937 composite?
True
Is 381522221 prime?
False
Is 23344283863 composite?
True
Is 53130241513 a prime number?
True
Is 2427437297 composite?
True
Is 7632489577 prime?
True
Is 236492093 a prime number?
True
Is 57264263351 a composite number?
True
Is 38944660357 composite?
False
Is 228620741651 a prime number?
False
Is 1419224941 prime?
False
Is 5164193569 a prime number?
True
Is 944739839 a composite number?
False
Is 51764309 prime?
True
Is 204840912013 prime?
True
Is 4669725097 composite?
True
Is 710044259 a composite number?
False
Is 59302325419 a composite number?
False
Is 1067169053 a composite number?
False
Is 7715122589 prime?
False
Is 2646488297 a prime number?
False
Is 18258867481 a prime number?
True
Is 6332916233 a composite number?
True
Is 6204089401 prime?
False
Is 6459121807 a composite number?
True
Is 148504628123 a composite number?
True
Is 38520889973 a composite number?
False
Is 220492787 a composite number?
False
Is 27151239091 prime?
True
Is 391687873585 composite?
True
Is 2703105869 a prime number?
True
Is 360631619 a prime number?
True
Is 122084529157 a prime number?
False
Is 193950719 a prime number?
False
Is 31754950387 a composite number?
False
Is 5725398037 a composite number?
False
Is 1123324567 prime?
False
Is 973345237 a composite number?
False
Is 611756081 a composite number?
True
Is 2183265563 composite?
False
Is 5393523739 a composite number?
False
Is 3063017701 a prime number?
False
Is 992390983 prime?
False
Is 8877025429 a composite number?
True
Is 3012161671 prime?
True
Is 2616519511 a prime number?
True
Is 451485997 composite?
False
Is 11424878209 prime?
False
Is 19513357133 a composite number?
False
Is 2826584933 prime?
False
Is 416396671 a composite number?
False
Is 1975574143 prime?
True
Is 27160637 a composite number?
True
Is 1031914141 prime?
True
Is 3994097995 prime?
False
Is 7024217171 prime?
True
Is 10433245633 a composite number?
False
Is 51162848591 prime?
True
Is 24140655479 a prime number?
True
Is 43489535921 prime?
False
Is 10446467378 a composite number?
True
Is 215038452929 a prime number?
True
Is 154958029 composite?
True
Is 9979724297 a prime number?
True
Is 6890779717 composite?
False
Is 764774151 prime?
False
Is 16880667199 a composite number?
True
Is 1746049663 prime?
True
Is 114529273361 a composite number?
False
Is 91037144581 prime?
False
Is 60796176427 composite?
True
Is 3725436551 a prime number?
True
Is 624437083 a prime number?
False
Is 710678063 prime?
True
Is 2304754147 a composite number?
True
Is 28288086707 a prime number?
True
Is 260563579 prime?
False
Is 1766343109 prime?
True
Is 508533929 composite?
False
Is 2847435859 composite?
True
Is 378781831 prime?
False
Is 1946698841 a composite number?
False
Is 129738736663 prime?
False
Is 652780417 prime?
False
Is 49839301 a prime number?
False
Is 102602756749 prime?
True
Is 1157282563 a composite number?
False
Is 1882011493 prime?
True
Is 10225445 composite?
True
Is 2592184643 composite?
False
Is 176704812113 a composite number?
False
Is 358233481 prime?
True
Is 4971131962 composite?
True
Is 7404449 a composite number?
True
Is 99980184091 composite?
True
Is 568568761 composite?
False
Is 4824552443 a prime number?
True
Is 720383609 a composite number?
True
Is 26676951491 composite?
True
Is 17993657047 composite?
False
Is 4783133279 prime?
True
Is 299317639 a composite number?
False
Is 478542983 a composite number?
True
Is 404198671 a prime number?
False
Is 17346631019 prime?
False
Is 2342402263 a prime number?
True
Is 566371061 prime?
False
Is 25650305129 prime?
True
Is 2063723629 prime?
False
Is 226957710709 a prime number?
False
Is 35438550943 a composite number?
False
Is 10165352599 composite?
False
Is 21043184879 prime?
True
Is 63146758559 a prime number?
False
Is 5177476657 a composite number?
True
Is 1104826661 a composite number?
False
Is 19614955157 a prime number?
False
Is 7317101819 a prime number?
True
Is 60128170301 a prime number?
True
Is 14097257743 composite?
True
Is 1573127599 a prime number?
False
Is 5693523359 a composite number?
False
Is 1797797159 prime?
False
Is 1856340597 prime?
False
Is 5334749243 a composite number?
True
Is 13037819023 composite?
False
Is 13258425773 prime?
True
Is 99930714907 a prime number?
True
Is 3459497617 composite?
False
Is 12739193177 composite?
False
Is 9251912643 prime?
False
Is 187053613261 a composite number?
True
Is 1991813303 a prime number?
False
Is 8638277863 composite?
False
Is 20628837299 a composite number?
True
Is 238642231 a prime number?
True
Is 2943180547 composite?
False
Is 906787061 a composite number?
True
Is 895866673 a composite number?
True
Is 1138516591 composite?
False
Is 12058891787 prime?
False
Is 63668653 composite?
False
Is 4625782466 a prime number?
False
Is 16097596853 a composite number?
True
Is 143041750661 prime?
True
Is 1974247381 a composite number?
False
Is 36731606389 a prime number?
True
Is 2889354253 composite?
True
Is 81195957049 composite?
False
Is 623687461 composite?
False
Is 15126056447 prime?
False
Is 863944717 a prime number?
False
Is 16447593367 prime?
False
Is 18031617561 composite?
True
Is 4442505689 a composite number?
False
Is 224313618341 prime?
True
Is 4048420267 a composite number?
True
Is 1772913983 a composite number?
False
Is 30654174073 prime?
True
Is 1218609799 composite?
True
Is 296721527 composite?
False
Is 10454913473 a prime number?
False
Is 1966534267 a prime number?
True
Is 7915586681 a composite number?
True
Is 35683513 a composite number?
False
Is 4381266361 a prime number?
True
Is 92475862 composite?
True
Is 38956925459 a prime number?
False
Is 3066463 a prime number?
False
Is 15728786251 a prime number?
False
Is 42045896531 a composite number?
True
Is 464186549 prime?
False
Is 2930713223 a prime number?
False
Is 131080490957 a prime number?
False
Is 6371669747 composite?
False
Is 14377477 a composite number?
